563. Calculate the highest common divisor of z and u.
10
Suppose -z = n - 22, 4*z = 3*n - n + 70. What is the greatest common factor of z and 475?
19
Let q(t) = 34*t - 10. Let r be q(5). Suppose 3*j + 369 = 5*v, -3*v + r = -v + 5*j. Suppose -5*l - v = -10*l. What is the highest common factor of l and 135?
15
Let f = 51 - 34. Suppose -v = -x - 22, -5*v = x + f + 29. Let m be 35/2 + (-13)/x. Calculate the greatest common divisor of m and 27.
9
Let q be ((-1)/(-2))/((-50)/(-1200)). Calculate the greatest common divisor of 804 and q.
12
Let r(t) = -1 - 3*t**2 + 2 + 5*t**2 - t**2 + 4*t. Let u be r(5). Suppose -q = -7 - 16. Calculate the greatest common factor of u and q.
23
Let f = 95 - 38. Let k = f + -41. Calculate the greatest common factor of k and 16.
16
Let y(z) = z**3 - 6*z**2 + 7*z + 4. Let r be y(5). Suppose 4*l - 146 = -r. What is the highest common factor of l and 363?
33
Let c be (-1)/((-10)/4 - -2). Suppose 3*t = 4*o + 148, -196 = -c*t - 2*t + 4*o. Let f be (-9)/(1 - 10/4). What is the greatest common factor of t and f?
6
Let j be 4/(-8)*134 + -1. Let z be j/(-2)*2/4. Suppose -3*p = -5*q + 2*p + 350, 0 = 5*q + 4*p - 332. Calculate the greatest common factor of q and z.
17
Let g(t) = t**3 - t + 4. Let i be g(3). Calculate the greatest common factor of i and 308.
28
Suppose 30*q = -5*q + 1260. What is the highest common divisor of 1764 and q?
36
Suppose -y = 0, -y + 3 = 2*c - c. Suppose 0*f - c*f = -z - 1, 2*z - f = 3. Suppose z*v + 41 = 145. What is the greatest common divisor of 13 and v?
13
Let a(h) = -418*h + 2928. Let f be a(7). Suppose -10 = -5*x + 3*x. What is the greatest common divisor of x and f?
1
Suppose -41*p - 51*p = -88596. What is the highest common factor of p and 27?
9
Suppose -146*l + 151*l + 5*t = 125, l = 5*t + 13. Calculate the highest common factor of l and 736.
23
Let t(a) = 15*a**2 + 35*a + 8. Let o be t(-4). Calculate the greatest common factor of o and 81.
27
Suppose -3*y - i + 6 - 1 = 0, 3 = 4*y + 5*i. Suppose 90 = y*u - 0*u. Suppose 2*k = -4, 2*m + 5*k + 0 = 8. What is the highest common divisor of u and m?
9
Let p(x) = 2*x. Let v be p(2). Suppose d = 3*r + 7, -7*r = v*d - 3*r - 108. Let g be (21/(-6) - 2)*(0 - 28). What is the highest common factor of g and d?
22
Let h(a) = -9*a + 38. Let i(u) = u - 1. Let n(g) = -h(g) - 5*i(g). Let q be n(10). Let m be 223/4 + 2/8. What is the greatest common factor of m and q?
7
Suppose 4*k - 8 = 5*r - 3*r, 0 = 2*r. Suppose -k*o - 4*u + 29 = -3*u, 5*u = -o + 37. Calculate the greatest common divisor of o and 96.
12
Suppose 3*f + f - 564 = -5*z, 3*f + 221 = 2*z. Let r = z + -64. Calculate the highest common factor of r and 32.
16
Let h be 4/18 + (-122)/(-18). Let u be (-4495)/(-58) - (-2)/(-4). What is the highest common factor of u and h?
7
Suppose 1666 = 68*h - 51*h. Suppose 0*x = -x - 4*g + 10, -2*x = -2*g - 30. What is the highest common factor of h and x?
14
Suppose d + 59 = 3*d - 3*v, -d - 3*v = -16. Suppose 0 = -5*a + d, 0*a - 18 = -2*f - 2*a. Let l = -119 - -155. Calculate the highest common factor of l and f.
4
Let k be (20/(-25))/(56/(-4060)). What is the highest common factor of 841 and k?
29
Let s be (-6)/2 + -54 - -1. Let x = s + 66. Let t(f) = f**2 + 4*f + 8. Let p be t(-6). What is the highest common factor of x and p?
10
Suppose 3*p = -2*t + 120, 4*t - 2 = 5*p - 202. Suppose -615 = -20*o + 585. Calculate the highest common factor of o and p.
20
Let m = 190 + -103. Let j = 212 - m. Suppose 5*a - j = 75. What is the greatest common factor of a and 5?
5
Let f(p) = -p**3 + 19*p**2 - 20*p + 31. Let o be f(18). Let k be o/(-2)*216/45. Calculate the greatest common divisor of k and 28.
4
Suppose 28*r - 2275 = 2485. Calculate the greatest common divisor of r and 30.
10
Let n(r) = r**3 + 6*r**2 - 5*r + 6. Let l be n(-5). What is the greatest common divisor of 84 and l?
28
Suppose -5*x + 2*q = q - 302, -4*x - 2*q + 250 = 0. Suppose x = 4*d - 99. What is the highest common factor of d and 50?
10
Let t = -649 + 1083. What is the highest common divisor of 14 and t?
14
Suppose j + 2*m + 136 = 5*j, 4*j - 140 = 3*m. Suppose -43*i = -45*i + 96. Calculate the highest common divisor of j and i.
16
Suppose 4*w + 6*p - 605 = 3*p, p - 615 = -4*w. What is the highest common divisor of w and 93?
31
Let s(g) = 9*g - 28. Let k be s(7). Let j be (6/2 - -1) + -12 + 13. Calculate the highest common divisor of j and k.
5
Let w(q) be the first derivative of -q**2 + 10. Let c be w(-8). What is the highest common divisor of c and 4?
4
Let n(b) = -b**3 - 28*b**2 + 24*b + 9. Let y be n(-29). Calculate the greatest common divisor of 14 and y.
14
Let l(p) = 8*p - 21. Let t be l(6). Suppose -t*r = -30*r + 18. Calculate the greatest common divisor of 6 and r.
6
Let r = 60 - 35. Suppose 0 = 4*j - j - 6. Suppose j*s = s + r. Calculate the highest common divisor of s and 10.
5
Suppose 67*z - 72 = 58*z. Calculate the highest common divisor of z and 584.
8
Suppose -x + 0*x + 18 = 0. Suppose -3*v + 10 = -a, 3*v + 15*a - 7*a + 26 = 0. Calculate the highest common divisor of x and v.
2
Let f(z) = 4*z + 2*z + 3 + 5 - z**2 + 3*z. Let b be f(8). Let c(s) = -s**2 + 51*s + 116. Let j be c(52). Calculate the highest common divisor of b and j.
16
Suppose -o = -4*n - 284, 3*o = o + 4*n + 552. Calculate the highest common divisor of 67 and o.
67
Let t = 357 + -326. What is the highest common factor of 31 and t?
31
Suppose 3*y - 7*y + 68 = 5*r, 0 = -4*y + 8. Let k be (-9)/r - 15/(-4). Suppose -9 + 24 = k*s. Calculate the highest common factor of s and 10.
5
Suppose -4*t + 72 = 8. Let k(m) = 2*m**3 - 5*m**2 + 3*m - 2. Let c be k(3). Suppose -c = -z - 0*z. Calculate the greatest common divisor of t and z.
16
Let a be (18/(-3) + 7)*1 + 32. Let n = 44 - 21. Let g be (-6)/21 - n/(-7). What is the highest common divisor of g and a?
3
Let t = -89 - -133. Let x = -29 + t. Let f(g) = g**2 - 42*g - 280. Let y be f(50). Calculate the highest common factor of y and x.
15
Suppose 4*w = 4*s, 0*s + 4*s + 5*w + 18 = 0. Suppose -204 = -2*a + 58. Let c be a + 0 - (-2 + s). What is the greatest common factor of c and 15?
15
Suppose 0 = v - 0 - 22. Let a(s) = -21*s - 28. Let h be a(-5). What is the greatest common divisor of v and h?
11
Let y = -123 - -407. Suppose 4*x - 4*j = y, -4*x + 356 = x - 4*j. What is the highest common divisor of x and 36?
36
Let r be (4 + 96/(-60))*60/9. Let a be 3/(-9) + 50/6. What is the greatest common divisor of r and a?
8
Let j be ((-2)/(-6))/((-2)/(-6)). Let t be 6/33 - 24/11. Let h be (-1 + 2 - 11)*t/4. What is the highest common divisor of j and h?
1
Suppose -21*q + 68 = -19*q. Suppose -3*i + 20 = -q. Calculate the greatest common factor of i and 90.
18
Let c = 1657 + -1646. Calculate the greatest common factor of 3564 and c.
11
Let k = 118 - 115. Suppose -12*w - k*w = -165. What is the highest common divisor of 99 and w?
11
Suppose 5*n = -25, 4*n = 5*h - 6*h - 17. Suppose 852 = 4*q - h*k, -5*q - 463 = 5*k - 1493. Calculate the greatest common divisor of q and 30.
30
Suppose 0 = -3*v - 9, 3*f - 4*v - 16 - 101 = 0. Let x be 1*(-14)/(-49) - (-99)/21. Calculate the highest common divisor of f and x.
5
Let z be 9/(-6) - (-1)/4*6. Suppose z = -s + 4 + 10. Calculate the highest common divisor of s and 14.
14
Let y = 873 - 549. What is the highest common divisor of y and 36?
36
Let h be 479*5*(-3)/(-15). Suppose 17 = -6*q + h. What is the highest common factor of 11 and q?
11
Suppose 2*p = t - 16 - 42, 0 = -4*p + 12. Calculate the highest common factor of t and 2752.
64
Let b = -20 - -22. Let u be (b/(-6))/(3/27)*-11. Calculate the greatest common factor of u and 22.
11
Let r be -2*((-11 - 0) + -3). Let v be r/6*18/(-7). Let q be 11 + 1/(4/v). What is the greatest common factor of q and 20?
4
Let c(f) = 54*f + 52. Let k be c(11). What is the highest common factor of k and 34?
34
Let d be ((-294)/(-12) - -8)/((-2)/(-4)). Calculate the highest common divisor of d and 5.
5
Let g(r) = 85*r - 988. Let t be g(33). Calculate the highest common factor of t and 79.
79
Suppose 16*a - 26*a + 3510 = 0. Calculate the highest common factor of a and 39.
39
Suppose 13*f - 3*r = 10*f + 48, -2*f + 4*r = -40. Let o(z) = -z**3 - 5*z**2 - 2*z - 6. Let g be o(-5). Calculate the greatest common divisor of f and g.
4
Let u(o